[INFO] fetching crate porsmo 0.1.3...
[INFO] checking porsmo-0.1.3 against master#e6e4f7ed1589e03bc2f6c5931c1a72e7947e8682 for beta-170-4
[INFO] extracting crate porsmo 0.1.3 into /workspace/builds/worker-2-tc2/source
[INFO] validating manifest of crates.io crate porsmo 0.1.3 on toolchain e6e4f7ed1589e03bc2f6c5931c1a72e7947e8682
[INFO] running `Command { std: CARGO_HOME="/workspace/cargo-home" RUSTUP_HOME="/workspace/rustup-home" "/workspace/cargo-home/bin/cargo" "+e6e4f7ed1589e03bc2f6c5931c1a72e7947e8682" "metadata" "--manifest-path" "Cargo.toml" "--no-deps", kill_on_drop: false }`
[INFO] started tweaking crates.io crate porsmo 0.1.3
[INFO] finished tweaking crates.io crate porsmo 0.1.3
[INFO] tweaked toml for crates.io crate porsmo 0.1.3 written to /workspace/builds/worker-2-tc2/source/Cargo.toml
[INFO] crate crates.io crate porsmo 0.1.3 already has a lockfile, it will not be regenerated
[INFO] running `Command { std: CARGO_HOME="/workspace/cargo-home" RUSTUP_HOME="/workspace/rustup-home" "/workspace/cargo-home/bin/cargo" "+e6e4f7ed1589e03bc2f6c5931c1a72e7947e8682" "fetch" "--manifest-path" "Cargo.toml", kill_on_drop: false }`
[INFO] running `Command { std: "docker" "create" "-v" "/var/lib/crater-agent-workspace/builds/worker-2-tc2/target:/opt/rustwide/target:rw,Z" "-v" "/var/lib/crater-agent-workspace/builds/worker-2-tc2/source:/opt/rustwide/workdir:ro,Z" "-v" "/var/lib/crater-agent-workspace/cargo-home:/opt/rustwide/cargo-home:ro,Z" "-v" "/var/lib/crater-agent-workspace/rustup-home:/opt/rustwide/rustup-home:ro,Z" "-e" "SOURCE_DIR=/opt/rustwide/workdir" "-e" "CARGO_TARGET_DIR=/opt/rustwide/target" "-e" "CARGO_HOME=/opt/rustwide/cargo-home" "-e" "RUSTUP_HOME=/opt/rustwide/rustup-home" "-w" "/opt/rustwide/workdir" "-m" "1610612736" "--user" "0:0" "--network" "none" "ghcr.io/rust-lang/crates-build-env/linux@sha256:19e73879b68f455e41552ea35293514db52ea292d993f571636dbffedb77a1ee" "/opt/rustwide/cargo-home/bin/cargo" "+e6e4f7ed1589e03bc2f6c5931c1a72e7947e8682" "metadata" "--no-deps" "--format-version=1", kill_on_drop: false }`
[INFO] [stdout] 08c29a53eab00a89cd8384ef59056c1d0e0f610bbc9a47e509855977adf830f8
[INFO] running `Command { std: "docker" "start" "-a" "08c29a53eab00a89cd8384ef59056c1d0e0f610bbc9a47e509855977adf830f8", kill_on_drop: false }`
[INFO] running `Command { std: "docker" "inspect" "08c29a53eab00a89cd8384ef59056c1d0e0f610bbc9a47e509855977adf830f8", kill_on_drop: false }`
[INFO] running `Command { std: "docker" "rm" "-f" "08c29a53eab00a89cd8384ef59056c1d0e0f610bbc9a47e509855977adf830f8", kill_on_drop: false }`
[INFO] [stdout] 08c29a53eab00a89cd8384ef59056c1d0e0f610bbc9a47e509855977adf830f8
[INFO] running `Command { std: "docker" "create" "-v" "/var/lib/crater-agent-workspace/builds/worker-2-tc2/target:/opt/rustwide/target:rw,Z" "-v" "/var/lib/crater-agent-workspace/builds/worker-2-tc2/source:/opt/rustwide/workdir:ro,Z" "-v" "/var/lib/crater-agent-workspace/cargo-home:/opt/rustwide/cargo-home:ro,Z" "-v" "/var/lib/crater-agent-workspace/rustup-home:/opt/rustwide/rustup-home:ro,Z" "-e" "SOURCE_DIR=/opt/rustwide/workdir" "-e" "CARGO_TARGET_DIR=/opt/rustwide/target" "-e" "CARGO_INCREMENTAL=0" "-e" "RUST_BACKTRACE=full" "-e" "RUSTFLAGS=--cap-lints=forbid" "-e" "RUSTDOCFLAGS=--cap-lints=forbid" "-e" "CARGO_HOME=/opt/rustwide/cargo-home" "-e" "RUSTUP_HOME=/opt/rustwide/rustup-home" "-w" "/opt/rustwide/workdir" "-m" "1610612736" "--user" "0:0" "--network" "none" "ghcr.io/rust-lang/crates-build-env/linux@sha256:19e73879b68f455e41552ea35293514db52ea292d993f571636dbffedb77a1ee" "/opt/rustwide/cargo-home/bin/cargo" "+e6e4f7ed1589e03bc2f6c5931c1a72e7947e8682" "check" "--frozen" "--all" "--all-targets" "--message-format=json", kill_on_drop: false }`
[INFO] [stdout] 0a2872a2d0c92db9293615e5fdcf4db4aaa1dad32e1b214f26a8e8f7f0cf7c5e
[INFO] running `Command { std: "docker" "start" "-a" "0a2872a2d0c92db9293615e5fdcf4db4aaa1dad32e1b214f26a8e8f7f0cf7c5e", kill_on_drop: false }`
[INFO] [stderr]    Compiling proc-macro2 v1.0.36
[INFO] [stderr]    Compiling syn v1.0.86
[INFO] [stderr]    Compiling libc v0.2.117
[INFO] [stderr]    Compiling futures-core v0.3.21
[INFO] [stderr]    Compiling autocfg v1.1.0
[INFO] [stderr]    Compiling serde v1.0.136
[INFO] [stderr]    Compiling version_check v0.9.4
[INFO] [stderr]    Compiling serde_derive v1.0.136
[INFO] [stderr]     Checking pin-project-lite v0.2.8
[INFO] [stderr]     Checking byteorder v1.4.3
[INFO] [stderr]     Checking cache-padded v1.2.0
[INFO] [stderr]    Compiling pkg-config v0.3.24
[INFO] [stderr]    Compiling nix v0.15.0
[INFO] [stderr]    Compiling memchr v2.4.1
[INFO] [stderr]     Checking event-listener v2.5.2
[INFO] [stderr]     Checking fastrand v1.7.0
[INFO] [stderr]     Checking concurrent-queue v1.2.2
[INFO] [stderr]     Checking parking v2.0.0
[INFO] [stderr]    Compiling cc v1.0.72
[INFO] [stderr]     Checking waker-fn v1.1.0
[INFO] [stderr]    Compiling futures-task v0.3.21
[INFO] [stderr]     Checking slab v0.4.5
[INFO] [stderr]     Checking futures-io v0.3.21
[INFO] [stderr]    Compiling regex-syntax v0.6.25
[INFO] [stderr]     Checking once_cell v1.9.0
[INFO] [stderr]    Compiling async-trait v0.1.52
[INFO] [stderr]    Compiling proc-macro-error-attr v1.0.4
[INFO] [stderr]    Compiling memoffset v0.6.5
[INFO] [stderr]    Compiling proc-macro-error v1.0.4
[INFO] [stderr]     Checking ppv-lite86 v0.2.16
[INFO] [stderr]     Checking futures-lite v1.12.0
[INFO] [stderr]    Compiling futures-util v0.3.21
[INFO] [stderr]     Checking void v1.0.2
[INFO] [stderr]    Compiling aho-corasick v0.7.18
[INFO] [stderr]    Compiling alsa-sys v0.3.1
[INFO] [stderr]    Compiling indexmap v1.8.0
[INFO] [stderr]     Checking tinyvec_macros v0.1.0
[INFO] [stderr]     Checking async-task v4.1.0
[INFO] [stderr]     Checking easy-parallel v3.2.0
[INFO] [stderr]     Checking sha1_smol v1.0.0
[INFO] [stderr]    Compiling cpal v0.12.1
[INFO] [stderr]     Checking pin-utils v0.1.0
[INFO] [stderr]     Checking futures-sink v0.3.21
[INFO] [stderr]     Checking async-broadcast v0.3.4
[INFO] [stderr]     Checking tinyvec v1.5.1
[INFO] [stderr]     Checking async-channel v1.6.1
[INFO] [stderr]    Compiling quote v1.0.15
[INFO] [stderr]     Checking sha1 v0.6.1
[INFO] [stderr]     Checking ordered-stream v0.0.1
[INFO] [stderr]     Checking ogg v0.8.0
[INFO] [stderr]     Checking async-lock v2.4.0
[INFO] [stderr]    Compiling anyhow v1.0.53
[INFO] [stderr]     Checking hex v0.4.3
[INFO] [stderr]    Compiling heck v0.4.0
[INFO] [stderr]     Checking os_str_bytes v6.0.0
[INFO] [stderr]     Checking async-executor v1.4.1
[INFO] [stderr]     Checking termcolor v1.1.2
[INFO] [stderr]     Checking numtoa v0.1.0
[INFO] [stderr]     Checking strsim v0.10.0
[INFO] [stderr]     Checking claxon v0.4.3
[INFO] [stderr]     Checking textwrap v0.14.2
[INFO] [stderr]     Checking hound v3.4.0
[INFO] [stderr]    Compiling minimp3-sys v0.3.2
[INFO] [stderr]     Checking lewton v0.10.2
[INFO] [stderr]     Checking getrandom v0.2.4
[INFO] [stderr]     Checking polling v2.2.0
[INFO] [stderr]     Checking socket2 v0.4.4
[INFO] [stderr]     Checking slice-deque v0.3.0
[INFO] [stderr]     Checking nix v0.23.1
[INFO] [stderr]     Checking atty v0.2.14
[INFO] [stderr]     Checking termion v1.5.6
[INFO] [stderr]     Checking rand_core v0.6.3
[INFO] [stderr]     Checking async-io v1.6.0
[INFO] [stderr]     Checking rand_chacha v0.3.1
[INFO] [stderr]     Checking rand v0.8.5
[INFO] [stderr]    Compiling regex v1.5.4
[INFO] [stderr]    Compiling toml v0.5.8
[INFO] [stderr]     Checking alsa v0.4.3
[INFO] [stderr]    Compiling thiserror-impl v1.0.30
[INFO] [stderr]    Compiling enumflags2_derive v0.7.3
[INFO] [stderr]    Compiling serde_repr v0.1.7
[INFO] [stderr]    Compiling async-recursion v0.3.2
[INFO] [stderr]    Compiling derivative v2.2.0
[INFO] [stderr]    Compiling clap_derive v3.0.14
[INFO] [stderr]    Compiling thiserror v1.0.30
[INFO] [stderr]    Compiling proc-macro-crate v1.1.1
[INFO] [stderr]     Checking minimp3 v0.5.1
[INFO] [stderr]    Compiling zvariant_derive v3.1.2
[INFO] [stderr]    Compiling zbus_macros v2.1.1
[INFO] [stderr]     Checking rodio v0.12.0
[INFO] [stderr]     Checking clap v3.0.14
[INFO] [stderr]     Checking enumflags2 v0.7.3
[INFO] [stderr]     Checking zvariant v3.1.2
[INFO] [stderr]     Checking zbus_names v2.1.0
[INFO] [stderr]     Checking zbus v2.1.1
[INFO] [stderr]     Checking notify-rust v4.5.6
[INFO] [stderr]     Checking porsmo v0.1.3 (/opt/rustwide/workdir)
[INFO] [stdout] warning: unused import: `crate::terminal::*`
[INFO] [stdout]    --> src/porsmo/terminal.rs:135:9
[INFO] [stdout]     |
[INFO] [stdout] 135 |     use crate::terminal::*;
[INFO] [stdout]     |         ^^^^^^^^^^^^^^^^^^
[INFO] [stdout]     |
[INFO] [stdout]     = note: `#[warn(unused_imports)]` on by default
[INFO] [stdout] 
[INFO] [stdout] 
[INFO] [stdout] error[E0425]: cannot find function `show_message` in this scope
[INFO] [stdout]    --> src/porsmo/terminal.rs:142:19
[INFO] [stdout]     |
[INFO] [stdout] 142 |         let res = show_message(&mut buf, msg, 0);
[INFO] [stdout]     |                   ^^^^^^^^^^^^ not found in this scope
[INFO] [stdout] 
[INFO] [stdout] 
[INFO] [stdout] error[E0425]: cannot find function `show_message_red` in this scope
[INFO] [stdout]    --> src/porsmo/terminal.rs:147:19
[INFO] [stdout]     |
[INFO] [stdout] 147 |         let res = show_message_red(&mut buf, msg, 0);
[INFO] [stdout]     |                   ^^^^^^^^^^^^^^^^ not found in this scope
[INFO] [stdout] 
[INFO] [stdout] 
[INFO] [stdout] error[E0425]: cannot find function `show_message_green` in this scope
[INFO] [stdout]    --> src/porsmo/terminal.rs:152:19
[INFO] [stdout]     |
[INFO] [stdout] 152 |         let res = show_message_green(&mut buf, msg, 0);
[INFO] [stdout]     |                   ^^^^^^^^^^^^^^^^^^ not found in this scope
[INFO] [stdout] 
[INFO] [stdout] 
[INFO] [stdout] error[E0425]: cannot find function `show_message_yellow` in this scope
[INFO] [stdout]    --> src/porsmo/terminal.rs:157:19
[INFO] [stdout]     |
[INFO] [stdout] 157 |         let res = show_message_yellow(&mut buf, msg, 0);
[INFO] [stdout]     |                   ^^^^^^^^^^^^^^^^^^^ not found in this scope
[INFO] [stdout] 
[INFO] [stdout] 
[INFO] [stdout] error[E0425]: cannot find function `show_time_running` in this scope
[INFO] [stdout]    --> src/porsmo/terminal.rs:165:19
[INFO] [stdout]     |
[INFO] [stdout] 165 |         let res = show_time_running(&mut buf, 300);
[INFO] [stdout]     |                   ^^^^^^^^^^^^^^^^^ not found in this scope
[INFO] [stdout] 
[INFO] [stdout] 
[INFO] [stdout] error[E0425]: cannot find function `show_time_paused` in this scope
[INFO] [stdout]    --> src/porsmo/terminal.rs:173:19
[INFO] [stdout]     |
[INFO] [stdout] 173 |         let res = show_time_paused(&mut buf, 300);
[INFO] [stdout]     |                   ^^^^^^^^^^^^^^^^ not found in this scope
[INFO] [stdout] 
[INFO] [stdout] 
[INFO] [stdout] error: aborting due to 6 previous errors; 1 warning emitted
[INFO] [stdout] 
[INFO] [stdout] 
[INFO] [stdout] For more information about this error, try `rustc --explain E0425`.
[INFO] [stdout] 
[INFO] [stderr] error: could not compile `porsmo` (bin "porsmo" test) due to 7 previous errors; 1 warning emitted
[INFO] running `Command { std: "docker" "inspect" "0a2872a2d0c92db9293615e5fdcf4db4aaa1dad32e1b214f26a8e8f7f0cf7c5e", kill_on_drop: false }`
[INFO] running `Command { std: "docker" "rm" "-f" "0a2872a2d0c92db9293615e5fdcf4db4aaa1dad32e1b214f26a8e8f7f0cf7c5e", kill_on_drop: false }`
[INFO] [stdout] 0a2872a2d0c92db9293615e5fdcf4db4aaa1dad32e1b214f26a8e8f7f0cf7c5e
